{"id":210,"date":"2025-01-10T15:40:44","date_gmt":"2025-01-10T14:40:44","guid":{"rendered":"https:\/\/bakl.it\/librairie\/?post_type=product&#038;p=210"},"modified":"2025-01-18T17:23:30","modified_gmt":"2025-01-18T16:23:30","slug":"la-vie-sociale-le-site","status":"publish","type":"product","link":"https:\/\/bakl.it\/librairie\/produit\/la-vie-sociale-le-site\/","title":{"rendered":"La vie sociale, le site"},"content":{"rendered":"<p>Le silence \u00e9tant tiss\u00e9 de sons, il n\u2019est pas que le contraire du bruit. Quelque part, il en va de m\u00eame pour la solitude et la vie sociale. Mais quelque part, c\u2019est vaste. C\u2019est l\u00e0, surtout, qu\u2019a d\u00e9cid\u00e9 de se rendre le narrateur de La vie sociale, pour fuir la grande ville invivable et cesser d\u2019\u00eatre ce photographe vampire, se nourrissant de la vie de ses mod\u00e8les, qu\u2019il a le sentiment d\u2019\u00eatre devenu au fil du temps.<\/p>\n<p>\u00ab Tu connais l\u2019histoire de la pierre qu\u2019on jette et qui croit que c\u2019est elle qui veut se<br \/>\nmouvoir ? \u00bb, \u00e9crit-il. \u00ab Ce n\u2019est pas mon histoire. \u00bb Et pourtant.<\/p>\n<blockquote><p>Si je ne suis pas une erreur de la nature et que je n\u2019en suis pas non plus le point culminant, que suis-je ? En fait, ce n\u2019est pas la bonne question, me suis-je corrig\u00e9. La bonne question serait plut\u00f4t celle-ci : Qu\u2019est-ce que je fais ici ? Mon corps est le point culminant de la for\u00eat et pourtant je n\u2019appartiens pas \u00e0 la for\u00eat<\/p><\/blockquote>\n<p>&nbsp;<\/p>\n<p>La version web de <i>La vie sociale<\/i> est propos\u00e9e \u00e0 prix libre. Pour y acc\u00e9der, il est recommand\u00e9 de cr\u00e9er un compte utilisateur afin de pouvoir b\u00e9n\u00e9ficier des fonctionnalit\u00e9s propres au site et qui vous permettront de construire, au fur et \u00e0 mesure de la lecture, votre propre <em>Vie sociale. <\/em>Le texte, paragraphe par paragraphe, est enregistrable dans votre parcours de lecture pour mettre de c\u00f4t\u00e9 les passages de votre souhait via un signe figurant en t\u00eate de chaque paragraphe :<\/p>\n<p><img loading=\"lazy\" decoding=\"async\" class=\"aligncenter wp-image-213 size-large\" src=\"https:\/\/bakl.it\/librairie\/wp-content\/uploads\/2025\/01\/viesociale_capturesite-1024x606.png\" alt=\"\" width=\"1024\" height=\"606\" srcset=\"https:\/\/bakl.it\/librairie\/wp-content\/uploads\/2025\/01\/viesociale_capturesite-1024x606.png 1024w, https:\/\/bakl.it\/librairie\/wp-content\/uploads\/2025\/01\/viesociale_capturesite-300x178.png 300w, https:\/\/bakl.it\/librairie\/wp-content\/uploads\/2025\/01\/viesociale_capturesite-768x455.png 768w, https:\/\/bakl.it\/librairie\/wp-content\/uploads\/2025\/01\/viesociale_capturesite-600x355.png 600w, https:\/\/bakl.it\/librairie\/wp-content\/uploads\/2025\/01\/viesociale_capturesite.png 1404w\" sizes=\"auto, (max-width: 1024px) 100vw, 1024px\" \/><\/p>\n","protected":false},"excerpt":{"rendered":"<p>Le silence \u00e9tant tiss\u00e9 de sons, il n\u2019est pas que le contraire du bruit. Quelque part, il en va de m\u00eame pour la solitude et la vie sociale. Mais quelque part, c\u2019est vaste. C\u2019est l\u00e0, surtout, qu\u2019a d\u00e9cid\u00e9 de se rendre le narrateur de La vie sociale, pour fuir la grande ville invivable et cesser [&hellip;]<\/p>\n","protected":false},"featured_media":211,"template":"","meta":[],"product_cat":[27],"product_tag":[],"class_list":{"0":"post-210","1":"product","2":"type-product","3":"status-publish","4":"has-post-thumbnail","6":"product_cat-numerique","8":"first","9":"instock","10":"virtual","11":"purchasable","12":"product-type-simple"},"_links":{"self":[{"href":"https:\/\/bakl.it\/librairie\/wp-json\/wp\/v2\/product\/210","targetHints":{"allow":["GET"]}}],"collection":[{"href":"https:\/\/bakl.it\/librairie\/wp-json\/wp\/v2\/product"}],"about":[{"href":"https:\/\/bakl.it\/librairie\/wp-json\/wp\/v2\/types\/product"}],"wp:featuredmedia":[{"embeddable":true,"href":"https:\/\/bakl.it\/librairie\/wp-json\/wp\/v2\/media\/211"}],"wp:attachment":[{"href":"https:\/\/bakl.it\/librairie\/wp-json\/wp\/v2\/media?parent=210"}],"wp:term":[{"taxonomy":"product_cat","embeddable":true,"href":"https:\/\/bakl.it\/librairie\/wp-json\/wp\/v2\/product_cat?post=210"},{"taxonomy":"product_tag","embeddable":true,"href":"https:\/\/bakl.it\/librairie\/wp-json\/wp\/v2\/product_tag?post=210"}],"curies":[{"name":"wp","href":"https:\/\/api.w.org\/{rel}","templated":true}]}}